61 + 86. Let q = 162 - 171. Let r be ((-275)/20)/((27/60)/q). Calculate the greatest common factor of m and r.
25
Suppose 9*q = -0*q + 30*q - 21. Suppose -c + 54 = c + 4*i, -2*i - 10 = 0. Calculate the highest common divisor of c and q.
1
Let h = 7335 + -4893. What is the highest common divisor of 264 and h?
66
Suppose -9*y + 14*y - 10 = 0. Let c be ((-64)/(-3))/y - (-23)/69. What is the greatest common divisor of c and 319?
11
Let x be (-8)/(8/(-3)) - -6. Suppose -k + 14 = s - 0*k, s - x = -2*k. Let h be (-1 - -2) + 510/3. Calculate the highest common factor of s and h.
19
Let t(x) be the third derivative of -x**5/15 + 3*x**4/2 + 5*x**3/6 + x**2. Let p be t(6). Let q = -61 + p. What is the greatest common divisor of 80 and q?
16
Let p = -61 - -71. Suppose -3*y + 5*x = -p, -y - x + 16 = 2*y. Let f be 1 - y/7 - 1355/(-35). Calculate the highest common factor of f and 13.
13
Suppose o = -2*g + 280, 0*g = 3*o + 2*g - 832. Suppose 0 = 3*v + 2*j - j - 67, 3*v - 4*j - 92 = 0. What is the greatest common divisor of o and v?
12
Let r = 6695 + -3886. Calculate the greatest common divisor of 106 and r.
53
Suppose 0 = 3*q, -35*o + 2*q + 80 = -34*o - 64. Let i be (-2)/7 + (-380)/(-7). What is the highest common divisor of o and i?
18
Suppose 21*m = 52*m - 21*m - 400. What is the greatest common divisor of m and 1465?
5
Suppose 31 = -4*i + 43. Suppose 4*w = w + 3*x + 183, 182 = i*w - 4*x. What is the greatest common factor of w and 62?
62
Let d = -118 + 124. Suppose 5*u - d*u = -2. Suppose -2*h + u*f = f - 26, -58 = -5*h - f. Calculate the highest common divisor of 96 and h.
12
Suppose 13*q - 9554 = 27. Suppose -1909 - q = -14*l. What is the highest common factor of l and 14?
7
Let i(v) = -17*v - 28. Let f be i(-10). Let o = 94 - f. Let c be (2 - 1)/((-4)/o). Calculate the highest common factor of c and 204.
12
Suppose -244*t = -200*t - 2288. What is the greatest common factor of 31876 and t?
52
Let f = -29746 - -29816. Calculate the highest common factor of f and 2905.
35
Let s be (22/6)/(39/(-1053)). Let l = -90 - s. What is the greatest common factor of 288 and l?
9
Let y(n) = -n**3 + 26*n**2 - 21*n - 231. Let b be y(15). What is the highest common divisor of b and 3?
3
Let p(w) = w**2 - 4*w + 2. Let t be p(6). Let r = -6835 + 6891. Calculate the greatest common factor of t and r.
14
Let j be (-1 + 2)*(-1 + -1). Let l(f) be the first derivative of -31*f**2 - 5*f + 212. Let u be l(j). Calculate the greatest common factor of u and 7.
7
Suppose -2*p + 0*p = 0. Let g(c) = 2*c**3 - c**2 + 35. Let n be g(p). Suppose -12*h + 17*h = 70. Calculate the highest common divisor of h and n.
7
Suppose i - 12*i = -1771. Let k = -91 + i. Let h = -20 + k. What is the highest common factor of 50 and h?
50
Let g(y) = -42*y - 90. Let d be g(-8). Let m = d - 169. What is the greatest common factor of m and 7?
7
Let u(n) = -2*n + 39. Let p be u(-19). Let f be (-112)/64*(-8)/1. Calculate the highest common divisor of p and f.
7
Suppose -3 = -v, v - 2*v + 174 = 3*x. Suppose 2*q - 309 = 45. Suppose w - 6*w - h = -287, -3*w - 3*h = -q. What is the highest common factor of w and x?
57
Let x(z) = -4685*z + 45. Let y be x(0). Let m be 3 - 2 - (-1 + 2). Let w = 9 + m. What is the greatest common factor of y and w?
9
Let g(l) = l**2 - 211*l + 3666. Let i be g(19). What is the greatest common factor of 57006 and i?
18
Let k be 12/54*3 - 4/6. Suppose -2*q = 5*h - 10570, k = 3*h + 3*q - 7*q - 6316. Let x be 4/(-18) - h/(-27). Calculate the highest common factor of 6 and x.
6
Let u(w) = w**3 + 98*w**2 + 21*w + 2082. Let g be u(-98). What is the greatest common divisor of g and 948?
12
Let s(n) = -15*n - 6. Let y be s(-5). Suppose -176 = -2*m + 4*v, -268*m + 378 = -264*m + 5*v. Calculate the highest common divisor of y and m.
23
Suppose -15*q = 2198 - 2738. Calculate the highest common divisor of 414 and q.
18
Let c be -5 + 1 + (14 - 5) + -2. Suppose c*a = -221 + 245. Calculate the greatest common factor of a and 56.
8
Suppose 45*f - 1606 = -31. What is the highest common factor of f and 2177?
7
Suppose 0 = -488*m + 486*m + 3*g + 2499, 3*m - 3*g = 3750. Calculate the greatest common divisor of m and 18.
9
Let j be (-1 - 12/(-4)) + (329 - 2). Let i = 450 - j. Suppose -10 = 2*q + 3*u - 35, 2*q - 3*u = 19. What is the highest common divisor of q and i?
11
Let c = -208 + 73. Let z = c + 159. What is the greatest common factor of z and 456?
24
Suppose -o = -4*x - 74, o + 3*x - 277 = -3*o. What is the greatest common factor of 910 and o?
70
Let i be 24*(319/(-220) - (-1)/5). Let b = i + 65. What is the greatest common divisor of b and 385?
35
Let d be 25 + 6 + 2 - 2. Suppose 0 = -2*k - d*k + 17952. What is the greatest common divisor of k and 34?
34
Suppose 3*x + 5*v = 47140, 661*x + 47146 = 664*x - v. What is the greatest common divisor of 5 and x?
5
Let t(o) = o**2 - 17*o + 60. Let j be t(11). Let y be (5 + 167/(-4))/(j/16). Let s = y - 86. What is the highest common factor of s and 30?
6
Suppose 15*z = -25 + 100. Suppose -1531 = -z*k + 3*o - 6*o, -5*o = k - 293. Calculate the highest common factor of k and 42.
14
Let j(y) = y**2 + 17*y - 45. Let z be j(-31). Let d = -371 + z. What is the highest common factor of 90 and d?
18
Let y be 208 + (-2 - (4 + -6)). Suppose 0 = -2*s + 15*s - y. Calculate the greatest common factor of s and 6.
2
Let p be 256 - 4/(-2) - 2. Suppose 116 = -77*j + 1252 + 1328. What is the greatest common factor of p and j?
32
Let b(m) = -m**2 - m + 46. Let i be b(0). Let u be 474/66 + -7 + 326/22. Suppose i*a = 47*a - u. Calculate the highest common divisor of a and 3.
3
Let t(a) = -13*a**2 - 16*a + 47. Let j be t(-9). Let b = j + 1000. What is the greatest common divisor of 483 and b?
69
Let v(z) = 2*z**3 - 9*z**2 + 10*z + 1. Let a be v(5). Suppose -a - 24 = 5*j. Let r be (-384)/j - 2/(8 + 2). What is the greatest common factor of r and 76?
19
Let x be -166 - -159 - 4/(-10)*(-170)/(-2). Suppose 4*d + d - 10 = 0. Suppose -93 = d*r - 255. What is the highest common factor of x and r?
27
Let b = -255 - -255. Let h(t) = -t**2 - 10*t + 392. Let x be h(b). What is the highest common factor of 49 and x?
49
Suppose -159 + 2096 = -13*z. Let c = z + 187. Let u(j) = 3*j**2 - 9*j + 3. Let m be u(6). Calculate the greatest common divisor of m and c.
19
Suppose -11*b - 7 = -4*b. Let c be ((-10)/(-3))/(b/(-3)). Let k(s) = -s**3 + 11*s**2 - 9*s - 3. Let w be k(c). Calculate the greatest common factor of 77 and w.
7
Suppose -2*j = -2*k - 730, 15*j - 371 = 14*j - k. Calculate the highest common factor of 690 and j.
46
Let x(a) = 20*a - 122. Let t be x(6). Let o(b) = -146*b + 28. Let i be o(t). What is the greatest common divisor of 5 and i?
5
Suppose -4*i = 3*y - 1, y + 0*i = -i + 1. Suppose y*u = 144 + 126. What is the highest common factor of 40 and u?
10
Suppose 40 - 32 = 2*r. Let y(g) = -28 - 28 + 60 - 24 - r*g. Let u be y(-9). What is the highest common divisor of 4 and u?
4
Suppose 2*o - 106 = 5*a, 2*o + 2 = o. Let m be (-49)/(-14)*(0 - a). Let l = -26 - -37. What is the highest common divisor of l and m?
11
Let m be (-6 + 10)/((-1)/(-2)). Suppose -75*o + m = -77*o. Let n be (-560)/6*(72/15)/o. What is the greatest common divisor of n and 16?
16
Suppose -3*t + 4 = -8. Suppose 5*c - 40 = n, -c + 2*n = -t*c + 24. Let q = -53 - -85. Calculate the greatest common factor of q and c.
8
Let j be (-31)/((-155)/60) - 8. Calculate the greatest common divisor of 328 and j.
4
Let u = 12174 + -12142. What is the greatest common divisor of u and 16288?
32
Let b = 18249 + -18248. Calculate the greatest common factor of 1931 and b.
1
Let v(c) = -9*c**2 + 9*c + 72. Let i be v(-6). Let h = -222 - i. Calculate the highest common factor of h and 140.
28
Suppose -3*c + c - 356 = 2*u, -u = 4*c + 187. Let k = 195 + u. What is the greatest common factor of k and 70?
10
Let g be 375*5/((-75)/(-5)). Let y = g + -47. What is the greatest common factor of 18 and y?
6
Let q(t) = -3*t**2 + 17*t - 48. Let d be q(3). Let n be ((-4)/(d/306))/1. Calculate the highest common divisor of n and 204.
51
Suppose 0 = 4*a - 2*y - 0*y - 20, y = -2*a + 2. Suppose -a*d + 224 = -d. Suppose 114 - d = 2*k. What is the greatest common divisor of k and 1?
1
Suppose -81*r = -930 - 1500. What is the greatest common divisor of 2410